{"id":49,"date":"2020-04-20T18:08:38","date_gmt":"2020-04-20T16:08:38","guid":{"rendered":"https:\/\/ichblick.at\/?page_id=49"},"modified":"2020-05-07T17:56:29","modified_gmt":"2020-05-07T15:56:29","slug":"impressum","status":"publish","type":"page","link":"https:\/\/ichblick.at\/index.php\/impressum\/","title":{"rendered":"Impressum"},"content":{"rendered":"<div id=\"pl-49\"  class=\"panel-layout\" ><div id=\"pg-49-0\"  class=\"panel-grid panel-no-style\" ><div id=\"pgc-49-0-0\"  class=\"panel-grid-cell\" ><div id=\"panel-49-0-0-0\" class=\"so-panel widget widget_headline-widget panel-first-child panel-last-child\" data-index=\"0\" >\t\t<h1>Impressum<\/h1>\n\t\t<div class=\"decoration\"><div class=\"decoration-inside\"><\/div><\/div>\n\t\t<h3><\/h3>\n\t\t<\/div><\/div><\/div><div id=\"pg-49-1\"  class=\"panel-grid panel-no-style\" ><div id=\"pgc-49-1-0\"  class=\"panel-grid-cell\" ><div id=\"panel-49-1-0-0\" class=\"so-panel widget widget_sow-editor panel-first-child panel-last-child\" data-index=\"1\" ><div\n\t\t\t\n\t\t\tclass=\"so-widget-sow-editor so-widget-sow-editor-base\"\n\t\t\t\n\t\t>\n<div class=\"siteorigin-widget-tinymce textwidget\">\n\t<p><strong>Eigent\u00fcmer &amp; Herausgeber<\/strong><\/p>\n<p>ich blick RessourcenCoaching e.U.<\/p>\n<p>Dorothea Maurer<\/p>\n<p>Rittersfelder Stra\u00dfe 38<\/p>\n<p>3133 Traismauer<\/p>\n<p>Tel.: +43 (0) 681 \/ 206 882 44<\/p>\n<p>E-Mail: ichblick.office@aon.at<\/p>\n<p>Konzeption &amp; Design: Lukas M\u00fchle inovelop GmbH<\/p>\n<\/div>\n<\/div><\/div><\/div><div id=\"pgc-49-1-1\"  class=\"panel-grid-cell\" ><div id=\"panel-49-1-1-0\" class=\"so-panel widget widget_sow-editor panel-first-child panel-last-child\" data-index=\"2\" ><div\n\t\t\t\n\t\t\tclass=\"so-widget-sow-editor so-widget-sow-editor-base\"\n\t\t\t\n\t\t>\n<div class=\"siteorigin-widget-tinymce textwidget\">\n\t<p>Alle Angaben unserer Website wurden sorgf\u00e4ltig gepr\u00fcft. Wir bem\u00fchen uns, dieses Informationsangebot stetig zu erweitern und zu aktualisieren. Eine Garantie f\u00fcr die Vollst\u00e4ndigkeit, Richtigkeit und letzte Aktualit\u00e4t kann jedoch nicht \u00fcbernommen werden. Wir distanzieren uns ausdr\u00fccklich von Inhalten verlinkter Seiten.<\/p>\n<p>Copyright 2020 Dorothea Maurer, alle Rechte vorbehalten.<\/p>\n<p>Keine Abmahnung ohne vorherigen Kontakt!<\/p>\n<p>Sollte der von uns Erstellte Inhalt oder das Design die Rechte fremder Dritter oder gesetzliche Bestimmungen verletzen, so bitten wir Sie um eine entsprechende Nachricht ohne Kostennote. Die Beseitigung einer m\u00f6glicherweise von diesen Seiten ausgehenden Schutzrecht-Verletzung durch Schutzrecht-InhaberInnen selbst darf nicht ohne unsere Zustimmung stattfinden.<\/p>\n<p>Wir garantieren, dass die zu Recht beanstandeten Passagen unverz\u00fcglich und dauerhaft entfernt werden, ohne dass von Ihrer Seite die Einschaltung eines Rechtsbeistandes erforderlich ist.<\/p>\n<p>Eine sofortige Abmahnung stellt f\u00fcr uns einen Versto\u00df gegen geltende Gesetze (Verfolgung sachfremder Ziele als beherrschendes Motiv der Verfahrenseinleitung \u2013 insbesondere der Kostenerzielungsabsicht als eigentliche Triebfeder) sowie einen Versto\u00df gegen die Schadensminderungspflicht dar.<\/p>\n<p>Dennoch von Ihnen ohne vorherige Kontaktaufnahme ausgel\u00f6ste Kosten werden wir vollumf\u00e4nglich zur\u00fcckweisen und gegebenenfalls Gegenklage wegen Verletzung vorgenannter Bestimmungen einreichen.<\/p>\n<\/div>\n<\/div><\/div><\/div><\/div><div id=\"pg-49-2\"  class=\"panel-grid panel-no-style\" ><div id=\"pgc-49-2-0\"  class=\"panel-grid-cell panel-grid-cell-mobile-last\" ><div id=\"panel-49-2-0-0\" class=\"so-panel widget widget_sow-editor panel-first-child panel-last-child\" data-index=\"3\" ><div\n\t\t\t\n\t\t\tclass=\"so-widget-sow-editor so-widget-sow-editor-base\"\n\t\t\t\n\t\t><h3 class=\"widget-title\">Bildverweise:<\/h3>\n<div class=\"siteorigin-widget-tinymce textwidget\">\n\t<p>Seite OnlineBeratung - copyright djv (depositphotos.com)<\/p>\n<p>Seite Familienberatung - Copyright Gloppy (depositphotos.com)<\/p>\n<p>Seite Supervision - Copyright <span class=\"info-author__text\"> <span class=\"link-blue\">johny007pandp (depositphotos.com)<\/span><\/span><\/p>\n<p>Seite Teambuilding - Copyright PantherMediaSeller (depositphotos.com)<\/p>\n<\/div>\n<\/div><\/div><\/div><div id=\"pgc-49-2-1\"  class=\"panel-grid-cell panel-grid-cell-empty\" ><\/div><\/div><\/div>","protected":false},"excerpt":{"rendered":"<p>Eigent\u00fcmer &amp; Herausgeber ich blick RessourcenCoaching e.U. Dorothea Maurer Rittersfelder Stra\u00dfe 38 3133 Traismauer Tel.: +43 (0) 681 \/ 206 882 44 E-Mail: ichblick.office@aon.at Konzeption &amp; Design: Lukas M\u00fchle inovelop GmbH Alle Angaben unserer Website wurden sorgf\u00e4ltig gepr\u00fcft. Wir bem\u00fchen uns, dieses Informationsangebot stetig zu erweitern und zu aktualisieren. Eine Garantie f\u00fcr die Vollst\u00e4ndigkeit, Richtigkeit [&hellip;]<\/p>\n","protected":false},"author":1,"featured_media":0,"parent":0,"menu_order":0,"comment_status":"closed","ping_status":"closed","template":"templates\/template-full-notitle.php","meta":{"footnotes":""},"aioseo_notices":[],"_links":{"self":[{"href":"https:\/\/ichblick.at\/index.php\/wp-json\/wp\/v2\/pages\/49"}],"collection":[{"href":"https:\/\/ichblick.at\/index.php\/wp-json\/wp\/v2\/pages"}],"about":[{"href":"https:\/\/ichblick.at\/index.php\/wp-json\/wp\/v2\/types\/page"}],"author":[{"embeddable":true,"href":"https:\/\/ichblick.at\/index.php\/wp-json\/wp\/v2\/users\/1"}],"replies":[{"embeddable":true,"href":"https:\/\/ichblick.at\/index.php\/wp-json\/wp\/v2\/comments?post=49"}],"version-history":[{"count":11,"href":"https:\/\/ichblick.at\/index.php\/wp-json\/wp\/v2\/pages\/49\/revisions"}],"predecessor-version":[{"id":271,"href":"https:\/\/ichblick.at\/index.php\/wp-json\/wp\/v2\/pages\/49\/revisions\/271"}],"wp:attachment":[{"href":"https:\/\/ichblick.at\/index.php\/wp-json\/wp\/v2\/media?parent=49"}],"curies":[{"name":"wp","href":"https:\/\/api.w.org\/{rel}","templated":true}]}}